is the greatest common factor of 102 and 7914?
6
What is the greatest common divisor of 331281 and 9?
9
Calculate the highest common factor of 2761 and 1166.
11
Calculate the greatest common factor of 27460 and 60.
20
Calculate the highest common divisor of 4864 and 127072.
608
What is the greatest common factor of 495205 and 5?
5
Calculate the highest common divisor of 235290 and 6510.
930
What is the highest common divisor of 8829 and 324?
81
What is the greatest common divisor of 818 and 129653?
409
What is the highest common divisor of 219606 and 102?
102
Calculate the greatest common factor of 21078 and 522.
18
What is the greatest common factor of 5346 and 10978?
22
What is the highest common divisor of 290496 and 4806?
534
Calculate the greatest common factor of 322 and 133791.
161
What is the greatest common divisor of 60 and 632640?
60
What is the greatest common divisor of 2982 and 129504?
426
Calculate the highest common factor of 270 and 7440.
30
What is the highest common divisor of 5040 and 9352?
56
What is the highest common factor of 4407 and 2373?
339
What is the greatest common divisor of 88 and 610269?
11
What is the greatest common factor of 117 and 3440541?
39
What is the greatest common factor of 1592 and 10746?
398
What is the highest common factor of 32 and 23912?
8
Calculate the greatest common factor of 477616 and 48.
16
Calculate the greatest common divisor of 1656206 and 62.
62
What is the highest common factor of 1613736 and 54?
54
What is the highest common divisor of 13005 and 25?
5
What is the highest common factor of 154740 and 384?
12
Calculate the greatest common factor of 41412 and 19074.
102
What is the highest common factor of 366279 and 498?
249
Calculate the highest common factor of 1473489 and 909.
909
Calculate the greatest common factor of 998 and 1100794.
998
What is the greatest common divisor of 13956 and 132?
12
What is the greatest common factor of 4989 and 174?
3
Calculate the highest common factor of 291 and 16781.
97
What is the highest common factor of 733 and 1742341?
733
What is the highest common factor of 20718 and 27?
9
Calculate the highest common divisor of 232 and 194.
2
What is the highest common divisor of 10418810 and 118?
118
What is the greatest common divisor of 12 and 23524?
4
Calculate the highest common divisor of 255 and 912900.
255
Calculate the highest common divisor of 824 and 480289.
103
Calculate the highest common divisor of 1408 and 8960.
128
What is the highest common divisor of 12089056 and 464?
464
What is the highest common factor of 400 and 30440?
40
What is the highest common factor of 389324 and 52?
52
What is the greatest common factor of 5356 and 58401?
103
Calculate the greatest common factor of 9766 and 41891.
257
What is the greatest common divisor of 35 and 191205?
35
Calculate the greatest common divisor of 627 and 55005.
57
What is the greatest common factor of 368 and 40816?
16
What is the greatest common divisor of 2274488 and 8?
8
What is the greatest common divisor of 7296 and 83968?
128
What is the highest common factor of 955 and 913935?
955
What is the highest common factor of 2192 and 16988?
548
Calculate the highest common divisor of 2064 and 2785712.
688
Calculate the highest common divisor of 45186 and 3417.
51
Calculate the greatest common divisor of 43430 and 387.
43
Calculate the greatest common divisor of 36 and 217524.
12
Calculate the highest common divisor of 6736 and 248.
8
Calculate the highest common divisor of 1617 and 19371.
33
What is the greatest common divisor of 13080418 and 1534?
1534
What is the greatest common factor of 142989 and 14?
7
What is the highest common divisor of 1994 and 3418713?
997
What is the highest common factor of 9750 and 11500?
250
Calculate the highest common divisor of 52796 and 938.
134
What is the highest common divisor of 90506 and 1079?
13
Calculate the greatest common factor of 1104 and 13344.
48
Calculate the greatest common factor of 215 and 120830.
215
Calculate the greatest common factor of 33440 and 507760.
880
Calculate the highest common factor of 6183 and 171.
9
What is the highest common divisor of 450 and 822?
6
Calculate the greatest common factor of 159888 and 66.
6
What is the greatest common divisor of 54048 and 228?
12
Calculate the greatest common factor of 112 and 2107.
7
What is the greatest common divisor of 455 and 171535?
455
What is the highest common factor of 55 and 257345?
55
What is the greatest common divisor of 211792 and 992?
496
What is the greatest common factor of 104 and 19?
1
Calculate the highest common divisor of 316 and 224044.
316
What is the greatest common divisor of 543235 and 1785?
595
Calculate the greatest common factor of 861 and 966042.
861
What is the greatest common factor of 374662 and 444?
74
Calculate the highest common divisor of 1368 and 8889264.
1368
Calculate the highest common factor of 2250 and 9500.
250
Calculate the highest common divisor of 9424 and 209.
19
What is the highest common divisor of 496623 and 6?
3
Calculate the greatest common divisor of 4576 and 5984.
352
Calculate the highest common factor of 75465 and 270.
135
What is the highest common factor of 159 and 6148?
53
What is the highest common factor of 12104838 and 526?
526
Calculate the greatest common factor of 2 and 19398.
2
What is the highest common divisor of 985569 and 351?
39
What is the highest common factor of 371 and 18781?
7
What is the greatest common factor of 31449 and 891?
33
What is the highest common factor of 479457 and 29?
29
Calculate the highest common factor of 13849 and 11.
11
Calculate the greatest common factor of 1752 and 25185.
219
Calculate the highest common divisor of 2914 and 4495.
31
Calculate the greatest common divisor of 415249 and 166.
83
What is the greatest common divisor of 207 and 1467?
9
Calculate the greatest common factor of 1650597 and 26.
13
Calculate the highest common divisor of 1179 and 11016.
9
What is the greatest common divisor of 12208 and 95375?
763
Calculate the greatest common divisor of 4212 and 7587.
27
What is the highest common factor of 30 and 359895?
15
What is the greatest common divisor of 5715 and 81?
9
What is the highest common factor of 24253 and 158?
79
What is the highest common divisor of 5103 and 6291?
27
What is the highest common divisor of 26720 and 1600?
160
Calculate the highest common divisor of 60 and 373780.
20
Calculate the highest common factor of 144 and 9496.
8
What is the highest common divisor of 888 and 19869?
111
What is the highest common factor of 27 and 8399322?
27
What is the highest common divisor of 406 and 30352?
14
What is the greatest common factor of 5228 and 1308?
4
Calculate the highest common factor of 7635 and 43770.
15
What is the greatest common divisor of 36 and 6822?
18
Calculate the highest common factor of 67630 and 20.
10
What is the greatest common factor of 605351 and 655?
131
Calculate the highest common factor of 25863 and 1776.
111
Calculate the highest common divisor of 11263 and 77.
7
Calculate the greatest common divisor of 656 and 7954.
82
Calculate the highest common divisor of 45 and 69645.
15
Calculate the highest common factor of 158470 and 1326.
26
What is the greatest common divisor of 1041975 and 4725?
225
What is the highest common divisor of 962 and 117845?
481
What is the highest common divisor of 74168 and 4?
4
Calculate the greatest common divisor of 1887 and 1122.
51
What is the highest common divisor of 613236 and 13?
13
What is the highest common factor of 226 and 115034?
226
Calculate the greatest common divisor of 32535 and 405.
135
Calculate the greatest common factor of 69524 and 2366.
182
What is the highest common divisor of 467 and 1717159?
467
Calculate the highest common divisor of 819 and 1770795.
117
What is the greatest common divisor of 871912 and 292?
292
Calculate the greatest common factor of 12966368 and 64.
32
What is the greatest common factor of 110797 and 707?
101
Calculate the highest common divisor of 5777 and 2943.
109
Calculate the greatest common factor of 1356 and 2172.
12
Calculate the highest common factor of 98 and 265650.
14
What is the highest common divisor of 2128 and 11984?
112
Calculate the highest common